{"id":4452,"date":"2024-07-15T09:52:45","date_gmt":"2024-07-15T07:52:45","guid":{"rendered":"https:\/\/oup.local\/geniox-pro-lengua-castellana-y-literatura\/"},"modified":"2024-10-28T19:41:28","modified_gmt":"2024-10-28T17:41:28","slug":"geniox-pro-lengua-castellana-y-literatura","status":"publish","type":"book","link":"https:\/\/www.oup.es\/es\/geniox-pro-lengua-castellana-y-literatura\/","title":{"rendered":"GENiOX PRO Lengua castellana y Literatura"},"featured_media":0,"template":"","badge":[613],"product-category":[3],"edition":[],"level":[],"stage":[13],"subject":[617],"product-type":[],"class_list":["post-4452","book","type-book","status-publish","hentry","badge-nuevos-niveles","product-category-teaching","stage-upper-secondary","subject-lengua-castellana-y-literatura"],"acf":{"readers_products":false,"teaching_products":true,"supplementary_products":false,"subtitle_products":"","claim_products":"<strong>GENeraci\u00f3n OXford: Preparada y comprometida<\/strong>","introduction_products":"Un proyecto educativo que apuesta por una <strong>generaci\u00f3n preparada y comprometida,<\/strong> capaz de construir el mundo en el que quiere vivir y de desarrollar su talento para alcanzar el <strong>\u00e9xito en la vida acad\u00e9mica y profesional.<\/strong>","video_introduction":"","description_products":"","snippet_image_products":[7294],"snippet_summary_products":"Proyecto adaptado a la LOMLOE para Bachillerato","name_image_products":"","authors_products":"Ricardo Lobato y Ana Lahera","isbn_products":false,"isbn_text_products":"","isbn_upload_products":6134,"number_of_pages_products":"","language_products":"","collection_products":"","collection_level_products":"","word_count_products":"","edition_text":"","especific_edition_avaible_products":"","timetable_products":"","niveaux_de_la_serie_products":"","edition_specifique_products":"","aged_products":"","suggested_age_range_products":"","examns_products":"","series_consultant_products":"","series_editor_products":"","features_products":[{"feature_order_products":0,"feature_title_products":"\u00bfPor qu\u00e9 elegir Lengua castellana y Literatura GENiOX PRO?","feature_text_products":"<ul>\r\n \t<li><strong>Integra<\/strong><strong> los<\/strong> <strong>procesos y estrategias de an\u00e1lisis interpretativo, ling\u00fc\u00edstico y ret\u00f3rico de textos,<\/strong> de <strong>elaboraci\u00f3n de trabajos acad\u00e9micos,<\/strong> y de <strong>presentaci\u00f3n de la informaci\u00f3n,<\/strong>\u00a0en los diferentes bloques.<\/li>\r\n \t<li><strong>Fomenta el<\/strong> <strong>crecimiento individual y social\u00a0de los estudiantes<\/strong> a trav\u00e9s de temas que lo hacen part\u00edcipe en la consecuci\u00f3n de los retos y desaf\u00edos del mundo actual, y para que <strong>desarrollen las competencias necesarias para su vida, <\/strong>gracias a las <strong>tareas de producci\u00f3n de las\u00a0situaciones de aprendizaje.<\/strong><\/li>\r\n \t<li><strong>Presenta\u00a0<\/strong>desde el inicio de la unidad\u00a0<strong>los contenidos de las distintas secciones y la situaci\u00f3n de aprendizaje\u00a0<\/strong>en\u00a0torno a la cual se organizan las tareas de\u00a0<strong>Procesos y estrategias\u00a0<\/strong><strong>y\u00a0<\/strong><strong>Desarrollo de competencias.\u00a0<\/strong><\/li>\r\n \t<li><strong>Fomenta<\/strong><strong> la reflexi\u00f3n y el debate en la\u00a0secci\u00f3n\u00a0<\/strong><strong>Enfoques<\/strong>\u00a0sobre\u00a0<strong>temas clave <\/strong>relacionados con la <strong>comunicaci\u00f3n,<\/strong>\u00a0la reflexi\u00f3n sobre la lengua, el uso\u00a0que hacen de ella los hablantes y a las relaciones entre lengua, literatura y sociedad.<\/li>\r\n \t<li><strong>Alterna el desarrollo de los saberes b\u00e1sicos con <\/strong><strong>An\u00e1lisis de textos<\/strong><strong> para poner en pr\u00e1ctica <\/strong>lo aprendido en cada ep\u00edgrafe.<\/li>\r\n \t<li><strong>Facilita el repaso de los saberes b\u00e1sicos en <\/strong><strong>Conocimientos b\u00e1sicos<\/strong>\u00a0y la puesta <strong>en pr\u00e1ctica\u00a0modelos de ex\u00e1menes\u00a0<\/strong><strong>Evaluaci\u00f3n de conocimientos.<\/strong><\/li>\r\n \t<li><strong>Incluye modelos de an\u00e1lisis de textos <\/strong>al final de los bloques de Comunicaci\u00f3n, Reflexi\u00f3n sobre la lengua y Las lenguas y sus hablantes,<strong> e itinerarios de Lecturas aut\u00f3nomas <\/strong>en los de Educaci\u00f3n literaria.<\/li>\r\n<\/ul>"},{"feature_order_products":1,"feature_title_products":"\u00bfQu\u00e9 hace \u00fanico a GENiOX PRO para la LOMLOE?","feature_text_products":"<ul>\r\n \t<li>Secciones espec\u00edficas para trabajar <strong>competencias clave <\/strong>detallado por iconos<strong>.<\/strong><\/li>\r\n \t<li>Especial atenci\u00f3n a la <strong>competencia digital <\/strong>a trav\u00e9s de actividades concretas.<\/li>\r\n \t<li><strong>Situaciones de aprendizaje <\/strong>en cada unidad.<\/li>\r\n \t<li><strong>Diversidad, inclusi\u00f3n e igualdad de g\u00e9nero <\/strong>incluidas de forma transversal.<\/li>\r\n \t<li><strong>Incorpora de forma sistem\u00e1tica propuestas\u00a0 la consecuci\u00f3n de los ODS,<\/strong> la educaci\u00f3n para el <strong>desarrollo sostenible<\/strong> y la ciudadan\u00eda\u00a0 global.<\/li>\r\n \t<li>Actividades, secciones y recursos destinados a facilitar la <strong>evaluaci\u00f3n continua.<\/strong><\/li>\r\n \t<li>Se incorporan los <strong>Enfoques <\/strong>de <strong>Derechos de la infancia, Igualdad de g\u00e9nero, Bienestar f\u00edsico y emocional, Competencia digital, Desarrollo profesional y Objetivos de Desarrollo Sostenible, <\/strong>para velar por ellos desde todas las \u00e1reas.<\/li>\r\n<\/ul>"},{"feature_order_products":2,"feature_title_products":"Escritorio GENiOX PRO: recursos destacados","feature_text_products":"<ul>\r\n \t<li><strong>Audiotextos<\/strong> para desarrollar la capacidad de comprensi\u00f3n oral.<\/li>\r\n \t<li><strong>Presentaciones<\/strong> para introducir los saberes b\u00e1sicos de cada unidad.<\/li>\r\n \t<li><strong>Textos y documentos,<\/strong> para la ejecuci\u00f3n de las tareas.<\/li>\r\n \t<li><strong>Biograf\u00edas<\/strong> para conocer la faceta m\u00e1s personal y humana de grandes autores y autoras de la literatura universal.<\/li>\r\n \t<li><strong>Galer\u00edas de im\u00e1genes <\/strong>para establecer relaciones entre las producciones literarias y las artes pl\u00e1sticas.<\/li>\r\n \t<li><strong>Aula de cine<\/strong> para aproximarse a grandes obras de la literatura espa\u00f1ola y del lenguaje cinematogr\u00e1fico.<\/li>\r\n \t<li><strong>Actividades digitales, <\/strong>para aplicar los conocimientos aprendidos en un formato interactivo.<\/li>\r\n \t<li><strong>Enlaces a p\u00e1ginas web <\/strong>para ampliar conocimientos y realizar tareas de an\u00e1lisis e investigaci\u00f3n.<\/li>\r\n \t<li><strong>Procesos y estrategias,<\/strong> infograf\u00eda de los procedimientos de an\u00e1lisis gramatical, comentario de textos no literarios\u00a0y literarios, realizaci\u00f3n de trabajos acad\u00e9micos escritos y de exposiciones y presentaciones orales.<\/li>\r\n \t<li><strong>Audiorres\u00famenes<\/strong> para repasar los saberes b\u00e1sicos desde cualquier lugar.<\/li>\r\n \t<li><strong>A hombros de gigantas, <\/strong>un p\u00f3dcast para consolidar el aprendizaje desde una perspectiva de g\u00e9nero.<\/li>\r\n \t<li><strong>Espacio PRO, <\/strong>concebido para facilitar el <strong>autoestudio, la autoevaluaci\u00f3n y la preparaci\u00f3n de los ex\u00e1menes<\/strong> y\u00a0pruebas a los que tendr\u00e1s que enfrentarte en esta etapa acad\u00e9mica.<\/li>\r\n<\/ul>\r\n&nbsp;\r\n\r\n<iframe title=\"YouTube video player\" src=\"https:\/\/www.youtube.com\/embed\/mc_RVw4Ig60?si=2f07TQkydlgzg7ax\" width=\"560\" height=\"315\" frameborder=\"0\" allowfullscreen=\"allowfullscreen\"><\/iframe>"},{"feature_order_products":"","feature_title_products":"GENiOX PRO Lengua castellana y Literatura a simple vista","feature_text_products":"Descubre m\u00e1s sobre este libro en nuestro folleto:\r\n\r\n<iframe src=\"\/\/oup.pagetiger.com\/Lengua-castellana-y-Literatura-GENiOX-2023-OUP-SP\/1\" width=\"100%\" height=\"400\" allowfullscreen=\"allowfullscreen\"><\/iframe>\r\n\r\n<a href=\"https:\/\/oup.pagetiger.com\/Lengua-castellana-y-Literatura-GENiOX-2023-OUP-SP\/1\">Ver el folleto en el navegador<\/a>."}],"related_product_products":null,"teaching_carousel_images_products":[6135,6136],"materials_carousel_images_products":null,"select_edition_products":false,"selection_base":null,"text_libros_relacionados":"Tambi\u00e9n disponible:","libros_relacionados":[4455,4520],"subtitle_libros_relacionados":""},"_links":{"self":[{"href":"https:\/\/www.oup.es\/es\/wp-json\/wp\/v2\/book\/4452","targetHints":{"allow":["GET"]}}],"collection":[{"href":"https:\/\/www.oup.es\/es\/wp-json\/wp\/v2\/book"}],"about":[{"href":"https:\/\/www.oup.es\/es\/wp-json\/wp\/v2\/types\/book"}],"acf:post":[{"embeddable":true,"href":"https:\/\/www.oup.es\/es\/wp-json\/wp\/v2\/book\/4520"},{"embeddable":true,"href":"https:\/\/www.oup.es\/es\/wp-json\/wp\/v2\/book\/4455"}],"acf:attachment":[{"embeddable":true,"href":"https:\/\/www.oup.es\/es\/wp-json\/wp\/v2\/media\/6136"},{"embeddable":true,"href":"https:\/\/www.oup.es\/es\/wp-json\/wp\/v2\/media\/6135"},{"embeddable":true,"href":"https:\/\/www.oup.es\/es\/wp-json\/wp\/v2\/media\/7294"}],"wp:attachment":[{"href":"https:\/\/www.oup.es\/es\/wp-json\/wp\/v2\/media?parent=4452"}],"wp:term":[{"taxonomy":"badge","embeddable":true,"href":"https:\/\/www.oup.es\/es\/wp-json\/wp\/v2\/badge?post=4452"},{"taxonomy":"product-category","embeddable":true,"href":"https:\/\/www.oup.es\/es\/wp-json\/wp\/v2\/product-category?post=4452"},{"taxonomy":"edition","embeddable":true,"href":"https:\/\/www.oup.es\/es\/wp-json\/wp\/v2\/edition?post=4452"},{"taxonomy":"level","embeddable":true,"href":"https:\/\/www.oup.es\/es\/wp-json\/wp\/v2\/level?post=4452"},{"taxonomy":"stage","embeddable":true,"href":"https:\/\/www.oup.es\/es\/wp-json\/wp\/v2\/stage?post=4452"},{"taxonomy":"subject","embeddable":true,"href":"https:\/\/www.oup.es\/es\/wp-json\/wp\/v2\/subject?post=4452"},{"taxonomy":"product-type","embeddable":true,"href":"https:\/\/www.oup.es\/es\/wp-json\/wp\/v2\/product-type?post=4452"}],"curies":[{"name":"wp","href":"https:\/\/api.w.org\/{rel}","templated":true}]}}

<strong>GENeración OXford: Preparada y comprometida</strong>

Un proyecto educativo que apuesta por una <strong>generación preparada y comprometida,</strong> capaz de construir el mundo en el que quiere vivir y de desarrollar su talento para alcanzar el <strong>éxito en la vida académica y profesional.</strong>

¿Por qué elegir Lengua castellana y Literatura GENiOX PRO?

<ul>
 	<li><strong>Integra</strong><strong> los</strong> <strong>procesos y estrategias de análisis interpretativo, lingüístico y retórico de textos,</strong> de <strong>elaboración de trabajos académicos,</strong> y de <strong>presentación de la información,</strong> en los diferentes bloques.</li>
 	<li><strong>Fomenta el</strong> <strong>crecimiento individual y social de los estudiantes</strong> a través de temas que lo hacen partícipe en la consecución de los retos y desafíos del mundo actual, y para que <strong>desarrollen las competencias necesarias para su vida, </strong>gracias a las <strong>tareas de producción de las situaciones de aprendizaje.</strong></li>
 	<li><strong>Presenta </strong>desde el inicio de la unidad <strong>los contenidos de las distintas secciones y la situación de aprendizaje </strong>en torno a la cual se organizan las tareas de <strong>Procesos y estrategias </strong><strong>y </strong><strong>Desarrollo de competencias. </strong></li>
 	<li><strong>Fomenta</strong><strong> la reflexión y el debate en la sección </strong><strong>Enfoques</strong> sobre <strong>temas clave </strong>relacionados con la <strong>comunicación,</strong> la reflexión sobre la lengua, el uso que hacen de ella los hablantes y a las relaciones entre lengua, literatura y sociedad.</li>
 	<li><strong>Alterna el desarrollo de los saberes básicos con </strong><strong>Análisis de textos</strong><strong> para poner en práctica </strong>lo aprendido en cada epígrafe.</li>
 	<li><strong>Facilita el repaso de los saberes básicos en </strong><strong>Conocimientos básicos</strong> y la puesta <strong>en práctica modelos de exámenes </strong><strong>Evaluación de conocimientos.</strong></li>
 	<li><strong>Incluye modelos de análisis de textos </strong>al final de los bloques de Comunicación, Reflexión sobre la lengua y Las lenguas y sus hablantes,<strong> e itinerarios de Lecturas autónomas </strong>en los de Educación literaria.</li>
</ul>

¿Qué hace único a GENiOX PRO para la LOMLOE?

<ul>
 	<li>Secciones específicas para trabajar <strong>competencias clave </strong>detallado por iconos<strong>.</strong></li>
 	<li>Especial atención a la <strong>competencia digital </strong>a través de actividades concretas.</li>
 	<li><strong>Situaciones de aprendizaje </strong>en cada unidad.</li>
 	<li><strong>Diversidad, inclusión e igualdad de género </strong>incluidas de forma transversal.</li>
 	<li><strong>Incorpora de forma sistemática propuestas  la consecución de los ODS,</strong> la educación para el <strong>desarrollo sostenible</strong> y la ciudadanía  global.</li>
 	<li>Actividades, secciones y recursos destinados a facilitar la <strong>evaluación continua.</strong></li>
 	<li>Se incorporan los <strong>Enfoques </strong>de <strong>Derechos de la infancia, Igualdad de género, Bienestar físico y emocional, Competencia digital, Desarrollo profesional y Objetivos de Desarrollo Sostenible, </strong>para velar por ellos desde todas las áreas.</li>
</ul>

<ul>
 	<li><strong>Audiotextos</strong> para desarrollar la capacidad de comprensión oral.</li>
 	<li><strong>Presentaciones</strong> para introducir los saberes básicos de cada unidad.</li>
 	<li><strong>Textos y documentos,</strong> para la ejecución de las tareas.</li>
 	<li><strong>Biografías</strong> para conocer la faceta más personal y humana de grandes autores y autoras de la literatura universal.</li>
 	<li><strong>Galerías de imágenes </strong>para establecer relaciones entre las producciones literarias y las artes plásticas.</li>
 	<li><strong>Aula de cine</strong> para aproximarse a grandes obras de la literatura española y del lenguaje cinematográfico.</li>
 	<li><strong>Actividades digitales, </strong>para aplicar los conocimientos aprendidos en un formato interactivo.</li>
 	<li><strong>Enlaces a páginas web </strong>para ampliar conocimientos y realizar tareas de análisis e investigación.</li>
 	<li><strong>Procesos y estrategias,</strong> infografía de los procedimientos de análisis gramatical, comentario de textos no literarios y literarios, realización de trabajos académicos escritos y de exposiciones y presentaciones orales.</li>
 	<li><strong>Audiorresúmenes</strong> para repasar los saberes básicos desde cualquier lugar.</li>
 	<li><strong>A hombros de gigantas, </strong>un pódcast para consolidar el aprendizaje desde una perspectiva de género.</li>
 	<li><strong>Espacio PRO, </strong>concebido para facilitar el <strong>autoestudio, la autoevaluación y la preparación de los exámenes</strong> y pruebas a los que tendrás que enfrentarte en esta etapa académica.</li>
</ul>
&nbsp;

<iframe title="YouTube video player" src="https://www.youtube.com/embed/mc_RVw4Ig60?si=2f07TQkydlgzg7ax" width="560" height="315" frameborder="0" allowfullscreen="allowfullscreen"></iframe>

Descubre más sobre este libro en nuestro folleto:

<iframe src="//oup.pagetiger.com/Lengua-castellana-y-Literatura-GENiOX-2023-OUP-SP/1" width="100%" height="400" allowfullscreen="allowfullscreen"></iframe>

<a href="https://oup.pagetiger.com/Lengua-castellana-y-Literatura-GENiOX-2023-OUP-SP/1">Ver el folleto en el navegador</a>.

También disponible:
